{"id":274,"date":"2019-09-14T04:04:40","date_gmt":"2019-09-14T02:04:40","guid":{"rendered":"https:\/\/smartdata.tonytemplates.com\/childit\/?page_id=274"},"modified":"2021-06-09T23:41:13","modified_gmt":"2021-06-09T21:41:13","slug":"o-nas","status":"publish","type":"page","link":"https:\/\/kamyczekwprzedszkolu.pl\/index.php\/o-nas\/","title":{"rendered":"O nas"},"content":{"rendered":"<p><!-- Begin text-block --><\/p>\n<section>\n        Rozpalamy iskr\u0119 geniuszu w ka\u017cdym dziecku<\/p>\n<h2>\n        Chcemy rozwija\u0107 pasje i ciekawo\u015b\u0107<\/h2>\n<p>Kamyczek to niepubliczny \u017c\u0142obek i przedszkole w Koszalinie. To miejsce, w kt\u00f3rym dzieci czuj\u0105 si\u0119 bezpiecznie, kt\u00f3re wspiera ich ca\u0142o\u015bciowy rozw\u00f3j w ciep\u0142ej i radosnej atmosferze.<\/p>\n<p>\u017b\u0142obek i Przedszkole znajduje si\u0119 przy ul. Powsta\u0144c\u00f3w Wielkopolskich 6A i kilka grup przedszkolnych w naszym budynku przy ul. Wened\u00f3w 3.&nbsp;Budynki przedszkoli s\u0105 funkcjonalne i przytulne. Przylegaj\u0105 do nich ogrody z miejscem zabaw.&nbsp;Posiadamy atesty i certyfikaty na wszystkie przedmioty znajduj\u0105ce si\u0119 w przedszkolu (zabawki, meble, pomoce dydaktyczne). Sale s\u0105 przestronne i widne.<\/p>\n<p><img decoding=\"async\" src=\"https:\/\/kamyczekwprzedszkolu.pl\/wp-content\/themes\/childit\/assets\/img\/lazy.png\" data-src=\"https:\/\/kamyczekwprzedszkolu.pl\/wp-content\/uploads\/2021\/04\/o-nas.png\" alt=\"\"><br \/>\n<\/section>\n<p>        <!-- Begin text-block --><\/p>\n<h4>Poznaj nas<\/h4>\n<h2>Statut i Rodo<\/h2>\n<p><a href=\"https:\/\/kamyczekwprzedszkolu.pl\/wp-content\/uploads\/2021\/05\/STATUT-Przedszkola.pdf\"><br \/>\n<img decoding=\"async\" width=\"200\" height=\"200\" src=\"https:\/\/kamyczekwprzedszkolu.pl\/wp-content\/uploads\/2021\/04\/Statutw.png\" alt=\"\" loading=\"lazy\" srcset=\"https:\/\/kamyczekwprzedszkolu.pl\/wp-content\/uploads\/2021\/04\/Statutw.png 200w, https:\/\/kamyczekwprzedszkolu.pl\/wp-content\/uploads\/2021\/04\/Statutw-150x150.png 150w, https:\/\/kamyczekwprzedszkolu.pl\/wp-content\/uploads\/2021\/04\/Statutw-80x80.png 80w\" sizes=\"auto, (max-width: 200px) 100vw, 200px\">\t\t\t\t\t\t\t\t<\/a><br \/>\n<a href=\"https:\/\/kamyczekwprzedszkolu.pl\/wp-content\/uploads\/2021\/05\/rodo.pdf\"><br \/>\n<img decoding=\"async\" width=\"200\" height=\"200\" src=\"https:\/\/kamyczekwprzedszkolu.pl\/wp-content\/uploads\/2021\/04\/Rodo.png\" alt=\"\" loading=\"lazy\" srcset=\"https:\/\/kamyczekwprzedszkolu.pl\/wp-content\/uploads\/2021\/04\/Rodo.png 200w, https:\/\/kamyczekwprzedszkolu.pl\/wp-content\/uploads\/2021\/04\/Rodo-150x150.png 150w, https:\/\/kamyczekwprzedszkolu.pl\/wp-content\/uploads\/2021\/04\/Rodo-80x80.png 80w\" sizes=\"auto, (max-width: 200px) 100vw, 200px\">\t\t\t\t\t\t\t\t<\/a><br \/>\n<!-- Begin text-block --><\/p>\n<section>\n        Posiadamy wykwalifikowan\u0105 kadr\u0119<\/p>\n<h2>\n        Organizujemy nauk\u0119 i zabaw\u0119 na najwy\u017cszym poziomie<\/h2>\n<p>Wiemy jak wa\u017cna dla ka\u017cdego rodzica jest w\u0142a\u015bciwa opieka nad jego dzieckiem, dlatego zapewniamy dziecku jak najlepsze warunki do rozwoju, w ciep\u0142ej, rodzinnej atmosferze, pod profesjonaln\u0105 opiek\u0105 wykwalifikowanych nauczycieli wychowania przedszkolnego, opiekun\u00f3w oraz zespo\u0142u specjalist\u00f3w (logopedy, pedagoga, terapeuty integracji sensorycznej).<\/p>\n<p><img decoding=\"async\" src=\"https:\/\/kamyczekwprzedszkolu.pl\/wp-content\/themes\/childit\/assets\/img\/lazy.png\" data-src=\"https:\/\/kamyczekwprzedszkolu.pl\/wp-content\/uploads\/2021\/04\/pomoc.jpg\" alt=\"\"><br \/>\n<\/section>\n<p>        <!-- Begin text-block --><\/p>\n","protected":false},"excerpt":{"rendered":"<p>Rozpalamy iskr\u0119 geniuszu w ka\u017cdym dziecku Chcemy rozwija\u0107 pasje i ciekawo\u015b\u0107 Kamyczek to niepubliczny \u017c\u0142obek i przedszkole w Koszalinie. To miejsce, w kt\u00f3rym dzieci czuj\u0105 si\u0119 bezpiecznie, kt\u00f3re wspiera ich [&hellip;]<\/p>\n","protected":false},"author":1,"featured_media":2583,"parent":0,"menu_order":0,"comment_status":"closed","ping_status":"closed","template":"","meta":{"footnotes":""},"class_list":["post-274","page","type-page","status-publish","has-post-thumbnail","hentry"],"_links":{"self":[{"href":"https:\/\/kamyczekwprzedszkolu.pl\/index.php\/wp-json\/wp\/v2\/pages\/274","targetHints":{"allow":["GET"]}}],"collection":[{"href":"https:\/\/kamyczekwprzedszkolu.pl\/index.php\/wp-json\/wp\/v2\/pages"}],"about":[{"href":"https:\/\/kamyczekwprzedszkolu.pl\/index.php\/wp-json\/wp\/v2\/types\/page"}],"author":[{"embeddable":true,"href":"https:\/\/kamyczekwprzedszkolu.pl\/index.php\/wp-json\/wp\/v2\/users\/1"}],"replies":[{"embeddable":true,"href":"https:\/\/kamyczekwprzedszkolu.pl\/index.php\/wp-json\/wp\/v2\/comments?post=274"}],"version-history":[{"count":72,"href":"https:\/\/kamyczekwprzedszkolu.pl\/index.php\/wp-json\/wp\/v2\/pages\/274\/revisions"}],"predecessor-version":[{"id":2637,"href":"https:\/\/kamyczekwprzedszkolu.pl\/index.php\/wp-json\/wp\/v2\/pages\/274\/revisions\/2637"}],"wp:featuredmedia":[{"embeddable":true,"href":"https:\/\/kamyczekwprzedszkolu.pl\/index.php\/wp-json\/wp\/v2\/media\/2583"}],"wp:attachment":[{"href":"https:\/\/kamyczekwprzedszkolu.pl\/index.php\/wp-json\/wp\/v2\/media?parent=274"}],"curies":[{"name":"wp","href":"https:\/\/api.w.org\/{rel}","templated":true}]}}

<p><!-- Begin text-block --></p>
<section>
        Rozpalamy iskrę geniuszu w każdym dziecku</p>
<h2>
        Chcemy rozwijać pasje i ciekawość</h2>
<p>Kamyczek to niepubliczny żłobek i przedszkole w Koszalinie. To miejsce, w którym dzieci czują się bezpiecznie, które wspiera ich całościowy rozwój w ciepłej i radosnej atmosferze.</p>
<p>Żłobek i Przedszkole znajduje się przy ul. Powstańców Wielkopolskich 6A i kilka grup przedszkolnych w naszym budynku przy ul. Wenedów 3.&nbsp;Budynki przedszkoli są funkcjonalne i przytulne. Przylegają do nich ogrody z miejscem zabaw.&nbsp;Posiadamy atesty i certyfikaty na wszystkie przedmioty znajdujące się w przedszkolu (zabawki, meble, pomoce dydaktyczne). Sale są przestronne i widne.</p>
<p><img decoding="async" src="https://kamyczekwprzedszkolu.pl/wp-content/themes/childit/assets/img/lazy.png" data-src="https://kamyczekwprzedszkolu.pl/wp-content/uploads/2021/04/o-nas.png" alt=""><br />
</section>
<p>        <!-- Begin text-block --></p>
<h4>Poznaj nas</h4>
<h2>Statut i Rodo</h2>
<p><a href="https://kamyczekwprzedszkolu.pl/wp-content/uploads/2021/05/STATUT-Przedszkola.pdf"><br />
<img decoding="async" width="200" height="200" src="https://kamyczekwprzedszkolu.pl/wp-content/uploads/2021/04/Statutw.png" alt="" loading="lazy" srcset="https://kamyczekwprzedszkolu.pl/wp-content/uploads/2021/04/Statutw.png 200w, https://kamyczekwprzedszkolu.pl/wp-content/uploads/2021/04/Statutw-150x150.png 150w, https://kamyczekwprzedszkolu.pl/wp-content/uploads/2021/04/Statutw-80x80.png 80w" sizes="auto, (max-width: 200px) 100vw, 200px">								</a><br />
<a href="https://kamyczekwprzedszkolu.pl/wp-content/uploads/2021/05/rodo.pdf"><br />
<img decoding="async" width="200" height="200" src="https://kamyczekwprzedszkolu.pl/wp-content/uploads/2021/04/Rodo.png" alt="" loading="lazy" srcset="https://kamyczekwprzedszkolu.pl/wp-content/uploads/2021/04/Rodo.png 200w, https://kamyczekwprzedszkolu.pl/wp-content/uploads/2021/04/Rodo-150x150.png 150w, https://kamyczekwprzedszkolu.pl/wp-content/uploads/2021/04/Rodo-80x80.png 80w" sizes="auto, (max-width: 200px) 100vw, 200px">								</a><br />
<!-- Begin text-block --></p>
<section>
        Posiadamy wykwalifikowaną kadrę</p>
<h2>
        Organizujemy naukę i zabawę na najwyższym poziomie</h2>
<p>Wiemy jak ważna dla każdego rodzica jest właściwa opieka nad jego dzieckiem, dlatego zapewniamy dziecku jak najlepsze warunki do rozwoju, w ciepłej, rodzinnej atmosferze, pod profesjonalną opieką wykwalifikowanych nauczycieli wychowania przedszkolnego, opiekunów oraz zespołu specjalistów (logopedy, pedagoga, terapeuty integracji sensorycznej).</p>
<p><img decoding="async" src="https://kamyczekwprzedszkolu.pl/wp-content/themes/childit/assets/img/lazy.png" data-src="https://kamyczekwprzedszkolu.pl/wp-content/uploads/2021/04/pomoc.jpg" alt=""><br />
</section>
<p>        <!-- Begin text-block --></p>

<p>Rozpalamy iskrę geniuszu w każdym dziecku Chcemy rozwijać pasje i ciekawość Kamyczek to niepubliczny żłobek i przedszkole w Koszalinie. To miejsce, w którym dzieci czują się bezpiecznie, które wspiera ich [&hellip;]</p>
