{"id":2221,"date":"2021-04-14T19:06:51","date_gmt":"2021-04-14T17:06:51","guid":{"rendered":"https:\/\/kamyczekwprzedszkolu.pl\/?page_id=2221"},"modified":"2023-09-25T14:30:23","modified_gmt":"2023-09-25T12:30:23","slug":"przedszkole","status":"publish","type":"page","link":"https:\/\/kamyczekwprzedszkolu.pl\/index.php\/przedszkole\/","title":{"rendered":"Przedszkole"},"content":{"rendered":"<p><!-- Begin Parent Info --><\/p>\n<section>\n<p>\n                                Podstawowe informacje                             <\/p>\n<h2>\n                                Przedszkole                            <\/h2>\n<p>\n                                Drodzy rodzice, \u015bwietnie, \u017ce tutaj trafili\u015bcie.<br \/>\nCieszymy si\u0119, \u017ce rozwa\u017cacie wyb\u00f3r Niepublicznego Przedszkola KAMYCZEK. Mie\u015bcimy si\u0119 przy ul. Powsta\u0144c\u00f3w Wielkopolskich 6A oraz przy ul. Wened\u00f3w 3.                            <\/p>\n<ul>\n<li>\n                                                <img decoding=\"async\" src=\"https:\/\/kamyczekwprzedszkolu.pl\/wp-content\/themes\/childit\/assets\/img\/lazy.png\" data-src=\"https:\/\/kamyczekwprzedszkolu.pl\/wp-content\/uploads\/2021\/04\/zapisy.jpg\" alt=\"img\"><br \/>\n                                                        <img decoding=\"async\" src=\"https:\/\/kamyczekwprzedszkolu.pl\/wp-content\/themes\/childit\/assets\/img\/lazy.png\" data-src=\"https:\/\/kamyczekwprzedszkolu.pl\/wp-content\/themes\/childit\/assets\/img\/check.svg\" alt=\"img\"> <\/p>\n<h5>Zapisy<\/h5>\n<p>Rekrutacja dzieci do przedszkola trwa ca\u0142y rok szkolny. <br \/>\nPodstaw\u0105 przyj\u0119cia dziecka jest wype\u0142nienie przez rodzic\u00f3w Karty Zg\u0142oszeniowej oraz zawarcie Umowy o \u015bwiadczeniu us\u0142ugi edukacyjnej. <br \/>\nLiczba miejsc jest ograniczona.<\/p>\n<\/li>\n<li>\n                                                <img decoding=\"async\" src=\"https:\/\/kamyczekwprzedszkolu.pl\/wp-content\/themes\/childit\/assets\/img\/lazy.png\" data-src=\"https:\/\/kamyczekwprzedszkolu.pl\/wp-content\/uploads\/2021\/04\/oplaty.jpg\" alt=\"img\"><br \/>\n                                                        <img decoding=\"async\" src=\"https:\/\/kamyczekwprzedszkolu.pl\/wp-content\/themes\/childit\/assets\/img\/lazy.png\" data-src=\"https:\/\/kamyczekwprzedszkolu.pl\/wp-content\/themes\/childit\/assets\/img\/check.svg\" alt=\"img\"> <\/p>\n<h5>Op\u0142aty<\/h5>\n<p>Miesi\u0119czna op\u0142ata &#8211;  700 z\u0142 <br \/>\nOp\u0142ata za wy\u017cywienie: 11 z\u0142\/dzie\u0144 <br \/>\nAdaptacja: 6 z\u0142\/godzin\u0119\n<\/p>\n<\/li>\n<li>\n                                                <img decoding=\"async\" src=\"https:\/\/kamyczekwprzedszkolu.pl\/wp-content\/themes\/childit\/assets\/img\/lazy.png\" data-src=\"https:\/\/kamyczekwprzedszkolu.pl\/wp-content\/uploads\/2021\/04\/adaptacja.jpg\" alt=\"img\"><br \/>\n                                                        <img decoding=\"async\" src=\"https:\/\/kamyczekwprzedszkolu.pl\/wp-content\/themes\/childit\/assets\/img\/lazy.png\" data-src=\"https:\/\/kamyczekwprzedszkolu.pl\/wp-content\/themes\/childit\/assets\/img\/check.svg\" alt=\"img\"> <\/p>\n<h5>Adaptacja<\/h5>\n<p>Adaptacja w naszym przedszkolu trwa 2 tygodnie. <br \/>\n1 tydzie\u0144 przyprowadzenie dziecka na 2 godziny dziennie 8.00 \u2013 10.00 <br \/>\n2 tydzie\u0144 przyprowadzenie dziecka na 3 godziny dziennie 8.00 \u2013 11.00 <br \/>\n(Op\u0142ata za okres adaptacyjny)<\/p>\n<\/li>\n<li>\n                                                <img decoding=\"async\" src=\"https:\/\/kamyczekwprzedszkolu.pl\/wp-content\/themes\/childit\/assets\/img\/lazy.png\" data-src=\"https:\/\/kamyczekwprzedszkolu.pl\/wp-content\/uploads\/2021\/04\/kalendarium.png\" alt=\"img\"><br \/>\n                                                        <img decoding=\"async\" src=\"https:\/\/kamyczekwprzedszkolu.pl\/wp-content\/themes\/childit\/assets\/img\/lazy.png\" data-src=\"https:\/\/kamyczekwprzedszkolu.pl\/wp-content\/themes\/childit\/assets\/img\/check.svg\" alt=\"img\"> <\/p>\n<h5>Kalendarium<\/h5>\n<p>Listopad:<br \/>\nTydzie\u0144 1: TYDZIE\u0143 POSTACI Z BAJEK <br \/>\nTydzie\u0144 2: TYDZIE\u0143 JE\u017bYK\u00d3W <br \/>\nTydzie\u0144 3: TYDZIE\u0143 KSZTA\u0141T\u00d3W  <br \/>\nTydzie\u0144 4: TYDZIE\u0143 PLUSZOWEGO MISIA\n<\/p>\n<\/li>\n<li>\n                                                <img decoding=\"async\" src=\"https:\/\/kamyczekwprzedszkolu.pl\/wp-content\/themes\/childit\/assets\/img\/lazy.png\" data-src=\"https:\/\/kamyczekwprzedszkolu.pl\/wp-content\/uploads\/2021\/04\/rozklad-dnia.jpg\" alt=\"img\"><br \/>\n                                                        <img decoding=\"async\" src=\"https:\/\/kamyczekwprzedszkolu.pl\/wp-content\/themes\/childit\/assets\/img\/lazy.png\" data-src=\"https:\/\/kamyczekwprzedszkolu.pl\/wp-content\/themes\/childit\/assets\/img\/check.svg\" alt=\"img\"> <\/p>\n<h5>Rozk\u0142ad dnia<\/h5>\n<p>6.30 \u2013 8.00 \u2013 gromadzenie si\u0119 dzieci w Sali <br \/>\n8.00 &#8211; 8.30 &#8211; zabawy dowolne <br \/> <br \/>\n8.30- 9.00 \u2013 \u015bniadanie<br \/>\n9.00 \u2013 10.00 &#8211; realizacja zada\u0144 edukacyjnych<br \/>\n10.00 &#8211; 11.00 zabawy swobodne <br \/>\n11.00 &#8211; 11.30 obiad &#8211; 1 danie <br \/>\n11.30 &#8211; 12.30 spacery, zabawy na \u015bwie\u017cym powietrzu <br \/>\n12.30 &#8211; 14.00 prace wynikaj\u0105ce z zaj\u0119\u0107 wychowawczo-dydaktycznych  <br \/>\n14.00 &#8211; 14.30 obiad &#8211; 2 danie <br \/> <br \/>\n14.30 \u2013 17.00 \u2013 zabawy swobodne,  odbi\u00f3r dzieci <\/p>\n<\/li>\n<li>\n                                                <img decoding=\"async\" src=\"https:\/\/kamyczekwprzedszkolu.pl\/wp-content\/themes\/childit\/assets\/img\/lazy.png\" data-src=\"https:\/\/kamyczekwprzedszkolu.pl\/wp-content\/uploads\/2021\/04\/posilki.jpg\" alt=\"img\"><br \/>\n                                                        <img decoding=\"async\" src=\"https:\/\/kamyczekwprzedszkolu.pl\/wp-content\/themes\/childit\/assets\/img\/lazy.png\" data-src=\"https:\/\/kamyczekwprzedszkolu.pl\/wp-content\/themes\/childit\/assets\/img\/check.svg\" alt=\"img\"> <\/p>\n<h5>Posi\u0142ki<\/h5>\n<p>Wszystkie posi\u0142ki dla naszych milusi\u0144skich gotujemy na miejscu, w przedszkolnej kuchni.<br \/>\nPosi\u0142ki przygotowywane s\u0105 codziennie, zgodnie z ustalonym jad\u0142ospisem, kt\u00f3ry spe\u0142nia wszystkie warto\u015bci od\u017cywcze spo\u017cywanych przez dzieci da\u0144.<br \/>\nNie stosujemy konserwant\u00f3w, kostek roso\u0142owych, gotowych sos\u00f3w.<br \/>\nDzieci zjadaj\u0105 w naszym przedszkolu: \u015bniadanie, 2 \u015bniadanie, zupk\u0119, 2 danie i podwieczorek.<br \/>\nPanie kucharki dbaj\u0105 o to, by dzieci by\u0142y najedzone i zadowolone. <br \/>Respektujemy diety dzieci i \u017cyczenia rodzic\u00f3w.<\/p>\n<\/li>\n<\/ul>\n<h3>\n                                    Do pobrania                                <\/h3>\n<p>\n                                    Poni\u017cej kilka dodatkowych informacji:                                <\/p>\n<ul>\n<li>\n                                                    <img decoding=\"async\" src=\"https:\/\/kamyczekwprzedszkolu.pl\/wp-content\/themes\/childit\/assets\/img\/lazy.png\" data-src=\"https:\/\/kamyczekwprzedszkolu.pl\/wp-content\/uploads\/2019\/09\/handbook.svg\" alt=\"img\"><br \/>\n                                                    <img decoding=\"async\" src=\"https:\/\/kamyczekwprzedszkolu.pl\/wp-content\/themes\/childit\/assets\/img\/lazy.png\" data-src=\"https:\/\/kamyczekwprzedszkolu.pl\/wp-content\/themes\/childit\/assets\/img\/cloud-small.svg\" alt=\"img\"><\/p>\n<p>Adaptacja &#8211; kilka wskaz\u00f3wek (203 KB)<\/p>\n<p>                                                    <a href=\"\/wp-content\/uploads\/2021\/05\/10-zasad.pdf\"><img decoding=\"async\" src=\"https:\/\/kamyczekwprzedszkolu.pl\/wp-content\/themes\/childit\/assets\/img\/lazy.png\" data-src=\"https:\/\/kamyczekwprzedszkolu.pl\/wp-content\/themes\/childit\/assets\/img\/pdf-ico.svg\" alt=\"img\">download<\/a>\n                                        <\/li>\n<li>\n                                                    <img decoding=\"async\" src=\"https:\/\/kamyczekwprzedszkolu.pl\/wp-content\/themes\/childit\/assets\/img\/lazy.png\" data-src=\"https:\/\/kamyczekwprzedszkolu.pl\/wp-content\/uploads\/2019\/09\/handbook.svg\" alt=\"img\"><br \/>\n                                                    <img decoding=\"async\" src=\"https:\/\/kamyczekwprzedszkolu.pl\/wp-content\/themes\/childit\/assets\/img\/lazy.png\" data-src=\"https:\/\/kamyczekwprzedszkolu.pl\/wp-content\/themes\/childit\/assets\/img\/cloud-small.svg\" alt=\"img\"><\/p>\n<p>Przyk\u0142adowy jad\u0142ospis (192 KB)<\/p>\n<p>                                                    <a href=\"https:\/\/kamyczekwprzedszkolu.pl\/wp-content\/uploads\/2021\/05\/przykladowy-jadlospis.pdf\"><img decoding=\"async\" src=\"https:\/\/kamyczekwprzedszkolu.pl\/wp-content\/themes\/childit\/assets\/img\/lazy.png\" data-src=\"https:\/\/kamyczekwprzedszkolu.pl\/wp-content\/themes\/childit\/assets\/img\/pdf-ico.svg\" alt=\"img\">download<\/a>\n                                        <\/li>\n<li>\n                                                    <img decoding=\"async\" src=\"https:\/\/kamyczekwprzedszkolu.pl\/wp-content\/themes\/childit\/assets\/img\/lazy.png\" data-src=\"https:\/\/kamyczekwprzedszkolu.pl\/wp-content\/uploads\/2019\/09\/handbook.svg\" alt=\"img\"><br \/>\n                                                    <img decoding=\"async\" src=\"https:\/\/kamyczekwprzedszkolu.pl\/wp-content\/themes\/childit\/assets\/img\/lazy.png\" data-src=\"https:\/\/kamyczekwprzedszkolu.pl\/wp-content\/themes\/childit\/assets\/img\/cloud-small.svg\" alt=\"img\"><\/p>\n<p>Przyk\u0142adowy kalendarz (199 KB)<\/p>\n<p>                                                    <a href=\"https:\/\/kamyczekwprzedszkolu.pl\/wp-content\/uploads\/2021\/11\/plan-miesieczny-listopad-przedszkole.pdf\"><img decoding=\"async\" src=\"https:\/\/kamyczekwprzedszkolu.pl\/wp-content\/themes\/childit\/assets\/img\/lazy.png\" data-src=\"https:\/\/kamyczekwprzedszkolu.pl\/wp-content\/themes\/childit\/assets\/img\/pdf-ico.svg\" alt=\"img\">download<\/a>\n                                        <\/li>\n<li>\n                                                    <img decoding=\"async\" src=\"https:\/\/kamyczekwprzedszkolu.pl\/wp-content\/themes\/childit\/assets\/img\/lazy.png\" data-src=\"https:\/\/kamyczekwprzedszkolu.pl\/wp-content\/uploads\/2019\/09\/handbook.svg\" alt=\"img\"><br \/>\n                                                    <img decoding=\"async\" src=\"https:\/\/kamyczekwprzedszkolu.pl\/wp-content\/themes\/childit\/assets\/img\/lazy.png\" data-src=\"https:\/\/kamyczekwprzedszkolu.pl\/wp-content\/themes\/childit\/assets\/img\/cloud-small.svg\" alt=\"img\"><\/p>\n<p>Statut (189 KB)<\/p>\n<p>                                                    <a href=\"https:\/\/kamyczekwprzedszkolu.pl\/wp-content\/uploads\/2021\/05\/Regulamin-zlobka.pdf\"><img decoding=\"async\" src=\"https:\/\/kamyczekwprzedszkolu.pl\/wp-content\/themes\/childit\/assets\/img\/lazy.png\" data-src=\"https:\/\/kamyczekwprzedszkolu.pl\/wp-content\/themes\/childit\/assets\/img\/pdf-ico.svg\" alt=\"img\">download<\/a>\n                                        <\/li>\n<\/ul>\n<\/section>\n<p>        <!-- End Parent Info --><\/p>\n<style>\/*! elementor - v3.16.0 - 13-09-2023 *\/\n.elementor-widget-image-box .elementor-image-box-content{width:100%}@media (min-width:768px){.elementor-widget-image-box.elementor-position-left .elementor-image-box-wrapper,.elementor-widget-image-box.elementor-position-right .elementor-image-box-wrapper{display:flex}.elementor-widget-image-box.elementor-position-right .elementor-image-box-wrapper{text-align:right;flex-direction:row-reverse}.elementor-widget-image-box.elementor-position-left .elementor-image-box-wrapper{text-align:left;flex-direction:row}.elementor-widget-image-box.elementor-position-top .elementor-image-box-img{margin:auto}.elementor-widget-image-box.elementor-vertical-align-top .elementor-image-box-wrapper{align-items:flex-start}.elementor-widget-image-box.elementor-vertical-align-middle .elementor-image-box-wrapper{align-items:center}.elementor-widget-image-box.elementor-vertical-align-bottom .elementor-image-box-wrapper{align-items:flex-end}}@media (max-width:767px){.elementor-widget-image-box .elementor-image-box-img{margin-left:auto!important;margin-right:auto!important;margin-bottom:15px}}.elementor-widget-image-box .elementor-image-box-img{display:inline-block}.elementor-widget-image-box .elementor-image-box-title a{color:inherit}.elementor-widget-image-box .elementor-image-box-wrapper{text-align:center}.elementor-widget-image-box .elementor-image-box-description{margin:0}<\/style>\n<figure><a href=\"https:\/\/kamyczekwprzedszkolu.pl\/wp-content\/uploads\/2023\/09\/STATUT-Przedszkole.pdf\" target=\"_blank\" tabindex=\"-1\" rel=\"noopener\"><img decoding=\"async\" width=\"31\" height=\"31\" src=\"https:\/\/kamyczekwprzedszkolu.pl\/wp-content\/uploads\/2019\/09\/handbook.svg\" alt=\"\" loading=\"lazy\" \/><\/a><\/figure>\n<h3><a href=\"https:\/\/kamyczekwprzedszkolu.pl\/wp-content\/uploads\/2023\/09\/STATUT-Przedszkole.pdf\" target=\"_blank\" rel=\"noopener\">Statut Przedszkola<\/a><\/h3>\n<style>\/*! elementor - v3.16.0 - 13-09-2023 *\/\n.elementor-heading-title{padding:0;margin:0;line-height:1}.elementor-widget-heading .elementor-heading-title[class*=elementor-size-]>a{color:inherit;font-size:inherit;line-height:inherit}.elementor-widget-heading .elementor-heading-title.elementor-size-small{font-size:15px}.elementor-widget-heading .elementor-heading-title.elementor-size-medium{font-size:19px}.elementor-widget-heading .elementor-heading-title.elementor-size-large{font-size:29px}.elementor-widget-heading .elementor-heading-title.elementor-size-xl{font-size:39px}.elementor-widget-heading .elementor-heading-title.elementor-size-xxl{font-size:59px}<\/style>\n<h2>Poznaj nas<\/h2>\n<h2>Kadra<\/h2>\n<h3>Nasz zesp\u00f3\u0142 pedagogiczny tworz\u0105 osoby, kt\u00f3re s\u0105 nie tylko \u015bwietnie wykwalifikowane do pe\u0142nienia<br \/> funkcji nauczycielskich i opieku\u0144czych, ale przede wszystkim s\u0105 to ludzie pe\u0142ni pasji, entuzjazmu, u\u015bmiechu, ciep\u0142a<br \/> i mi\u0142o\u015bci do dzieci.<\/h3>\n<style>\/*! elementor - v3.16.0 - 13-09-2023 *\/\n.elementor-widget-image{text-align:center}.elementor-widget-image a{display:inline-block}.elementor-widget-image a img[src$=\".svg\"]{width:48px}.elementor-widget-image img{vertical-align:middle;display:inline-block}<\/style>\n<p>\t\t\t\t\t\t\t\t\t\t\t\t<img decoding=\"async\" width=\"300\" height=\"300\" src=\"https:\/\/kamyczekwprzedszkolu.pl\/wp-content\/uploads\/2021\/04\/Izabela-300x300.png\" alt=\"\" loading=\"lazy\" srcset=\"https:\/\/kamyczekwprzedszkolu.pl\/wp-content\/uploads\/2021\/04\/Izabela.png 300w, https:\/\/kamyczekwprzedszkolu.pl\/wp-content\/uploads\/2021\/04\/Izabela-150x150.png 150w, https:\/\/kamyczekwprzedszkolu.pl\/wp-content\/uploads\/2021\/04\/Izabela-80x80.png 80w, https:\/\/kamyczekwprzedszkolu.pl\/wp-content\/uploads\/2021\/04\/Izabela-255x255.png 255w\" sizes=\"auto, (max-width: 300px) 100vw, 300px\" \/><br \/>\n\t\t\t\t\t\t\t\t\t\t\t\t\t\t\t<img decoding=\"async\" width=\"300\" height=\"300\" src=\"https:\/\/kamyczekwprzedszkolu.pl\/wp-content\/uploads\/2021\/04\/Marzena-300x300.png\" alt=\"\" loading=\"lazy\" srcset=\"https:\/\/kamyczekwprzedszkolu.pl\/wp-content\/uploads\/2021\/04\/Marzena.png 300w, https:\/\/kamyczekwprzedszkolu.pl\/wp-content\/uploads\/2021\/04\/Marzena-150x150.png 150w, https:\/\/kamyczekwprzedszkolu.pl\/wp-content\/uploads\/2021\/04\/Marzena-80x80.png 80w, https:\/\/kamyczekwprzedszkolu.pl\/wp-content\/uploads\/2021\/04\/Marzena-255x255.png 255w\" sizes=\"auto, (max-width: 300px) 100vw, 300px\" \/><br \/>\n\t\t\t\t\t\t\t\t\t\t\t\t\t\t\t<img decoding=\"async\" width=\"300\" height=\"300\" src=\"https:\/\/kamyczekwprzedszkolu.pl\/wp-content\/uploads\/2021\/11\/Justyna-300x300.jpg\" alt=\"\" loading=\"lazy\" srcset=\"https:\/\/kamyczekwprzedszkolu.pl\/wp-content\/uploads\/2021\/11\/Justyna.jpg 300w, https:\/\/kamyczekwprzedszkolu.pl\/wp-content\/uploads\/2021\/11\/Justyna-150x150.jpg 150w, https:\/\/kamyczekwprzedszkolu.pl\/wp-content\/uploads\/2021\/11\/Justyna-80x80.jpg 80w, https:\/\/kamyczekwprzedszkolu.pl\/wp-content\/uploads\/2021\/11\/Justyna-255x255.jpg 255w\" sizes=\"auto, (max-width: 300px) 100vw, 300px\" \/><br \/>\n\t\t\t\t\t\t\t\t\t\t\t\t\t\t\t<img decoding=\"async\" width=\"300\" height=\"300\" src=\"https:\/\/kamyczekwprzedszkolu.pl\/wp-content\/uploads\/2021\/04\/Patrycja5-300x300.png\" alt=\"\" loading=\"lazy\" srcset=\"https:\/\/kamyczekwprzedszkolu.pl\/wp-content\/uploads\/2021\/04\/Patrycja5.png 300w, https:\/\/kamyczekwprzedszkolu.pl\/wp-content\/uploads\/2021\/04\/Patrycja5-150x150.png 150w, https:\/\/kamyczekwprzedszkolu.pl\/wp-content\/uploads\/2021\/04\/Patrycja5-80x80.png 80w, https:\/\/kamyczekwprzedszkolu.pl\/wp-content\/uploads\/2021\/04\/Patrycja5-255x255.png 255w\" sizes=\"auto, (max-width: 300px) 100vw, 300px\" \/><br \/>\n\t\t\t\t\t\t\t\t\t\t\t\t\t\t\t<img decoding=\"async\" width=\"300\" height=\"300\" src=\"https:\/\/kamyczekwprzedszkolu.pl\/wp-content\/uploads\/2021\/11\/Ewelina-300x300.jpg\" alt=\"\" loading=\"lazy\" srcset=\"https:\/\/kamyczekwprzedszkolu.pl\/wp-content\/uploads\/2021\/11\/Ewelina.jpg 300w, https:\/\/kamyczekwprzedszkolu.pl\/wp-content\/uploads\/2021\/11\/Ewelina-150x150.jpg 150w, https:\/\/kamyczekwprzedszkolu.pl\/wp-content\/uploads\/2021\/11\/Ewelina-80x80.jpg 80w, https:\/\/kamyczekwprzedszkolu.pl\/wp-content\/uploads\/2021\/11\/Ewelina-255x255.jpg 255w\" sizes=\"auto, (max-width: 300px) 100vw, 300px\" \/><br \/>\n\t\t\t\t\t\t\t\t\t\t\t\t\t\t\t<img decoding=\"async\" width=\"300\" height=\"300\" src=\"https:\/\/kamyczekwprzedszkolu.pl\/wp-content\/uploads\/2021\/04\/Patrycja-300x300.png\" alt=\"\" loading=\"lazy\" srcset=\"https:\/\/kamyczekwprzedszkolu.pl\/wp-content\/uploads\/2021\/04\/Patrycja.png 300w, https:\/\/kamyczekwprzedszkolu.pl\/wp-content\/uploads\/2021\/04\/Patrycja-150x150.png 150w, https:\/\/kamyczekwprzedszkolu.pl\/wp-content\/uploads\/2021\/04\/Patrycja-80x80.png 80w, https:\/\/kamyczekwprzedszkolu.pl\/wp-content\/uploads\/2021\/04\/Patrycja-255x255.png 255w\" sizes=\"auto, (max-width: 300px) 100vw, 300px\" \/><br \/>\n\t\t\t\t\t\t\t\t\t\t\t\t\t\t\t<img decoding=\"async\" width=\"300\" height=\"300\" src=\"https:\/\/kamyczekwprzedszkolu.pl\/wp-content\/uploads\/2021\/10\/Agata-300x300.png\" alt=\"\" loading=\"lazy\" srcset=\"https:\/\/kamyczekwprzedszkolu.pl\/wp-content\/uploads\/2021\/10\/Agata.png 300w, https:\/\/kamyczekwprzedszkolu.pl\/wp-content\/uploads\/2021\/10\/Agata-150x150.png 150w, https:\/\/kamyczekwprzedszkolu.pl\/wp-content\/uploads\/2021\/10\/Agata-80x80.png 80w, https:\/\/kamyczekwprzedszkolu.pl\/wp-content\/uploads\/2021\/10\/Agata-255x255.png 255w\" sizes=\"auto, (max-width: 300px) 100vw, 300px\" \/><br \/>\n\t\t\t\t\t\t\t\t\t\t\t\t\t\t\t<img decoding=\"async\" width=\"300\" height=\"300\" src=\"https:\/\/kamyczekwprzedszkolu.pl\/wp-content\/uploads\/2021\/10\/Alicja-300x300.png\" alt=\"\" loading=\"lazy\" srcset=\"https:\/\/kamyczekwprzedszkolu.pl\/wp-content\/uploads\/2021\/10\/Alicja.png 300w, https:\/\/kamyczekwprzedszkolu.pl\/wp-content\/uploads\/2021\/10\/Alicja-150x150.png 150w, https:\/\/kamyczekwprzedszkolu.pl\/wp-content\/uploads\/2021\/10\/Alicja-80x80.png 80w, https:\/\/kamyczekwprzedszkolu.pl\/wp-content\/uploads\/2021\/10\/Alicja-255x255.png 255w\" sizes=\"auto, (max-width: 300px) 100vw, 300px\" \/><br \/>\n\t\t\t\t\t\t\t\t\t\t\t\t\t\t\t<img decoding=\"async\" width=\"300\" height=\"300\" src=\"https:\/\/kamyczekwprzedszkolu.pl\/wp-content\/uploads\/2021\/10\/Angelika-300x300.png\" alt=\"\" loading=\"lazy\" srcset=\"https:\/\/kamyczekwprzedszkolu.pl\/wp-content\/uploads\/2021\/10\/Angelika.png 300w, https:\/\/kamyczekwprzedszkolu.pl\/wp-content\/uploads\/2021\/10\/Angelika-150x150.png 150w, https:\/\/kamyczekwprzedszkolu.pl\/wp-content\/uploads\/2021\/10\/Angelika-80x80.png 80w, https:\/\/kamyczekwprzedszkolu.pl\/wp-content\/uploads\/2021\/10\/Angelika-255x255.png 255w\" sizes=\"auto, (max-width: 300px) 100vw, 300px\" \/><br \/>\n\t\t\t\t\t\t\t\t\t\t\t\t\t\t\t<img decoding=\"async\" width=\"300\" height=\"300\" src=\"https:\/\/kamyczekwprzedszkolu.pl\/wp-content\/uploads\/2021\/10\/Daria-300x300.png\" alt=\"\" loading=\"lazy\" srcset=\"https:\/\/kamyczekwprzedszkolu.pl\/wp-content\/uploads\/2021\/10\/Daria.png 300w, https:\/\/kamyczekwprzedszkolu.pl\/wp-content\/uploads\/2021\/10\/Daria-150x150.png 150w, https:\/\/kamyczekwprzedszkolu.pl\/wp-content\/uploads\/2021\/10\/Daria-80x80.png 80w, https:\/\/kamyczekwprzedszkolu.pl\/wp-content\/uploads\/2021\/10\/Daria-255x255.png 255w\" sizes=\"auto, (max-width: 300px) 100vw, 300px\" \/><br \/>\n\t\t\t\t\t\t\t\t\t\t\t\t\t\t\t<img decoding=\"async\" width=\"300\" height=\"300\" src=\"https:\/\/kamyczekwprzedszkolu.pl\/wp-content\/uploads\/2021\/10\/Kamila-300x300.png\" alt=\"\" loading=\"lazy\" srcset=\"https:\/\/kamyczekwprzedszkolu.pl\/wp-content\/uploads\/2021\/10\/Kamila.png 300w, https:\/\/kamyczekwprzedszkolu.pl\/wp-content\/uploads\/2021\/10\/Kamila-150x150.png 150w, https:\/\/kamyczekwprzedszkolu.pl\/wp-content\/uploads\/2021\/10\/Kamila-80x80.png 80w, https:\/\/kamyczekwprzedszkolu.pl\/wp-content\/uploads\/2021\/10\/Kamila-255x255.png 255w\" sizes=\"auto, (max-width: 300px) 100vw, 300px\" \/><br \/>\n\t\t\t\t\t\t\t\t\t\t\t\t\t\t\t<img decoding=\"async\" width=\"300\" height=\"300\" src=\"https:\/\/kamyczekwprzedszkolu.pl\/wp-content\/uploads\/2021\/10\/Magdalena-1-300x300.png\" alt=\"\" loading=\"lazy\" srcset=\"https:\/\/kamyczekwprzedszkolu.pl\/wp-content\/uploads\/2021\/10\/Magdalena-1.png 300w, https:\/\/kamyczekwprzedszkolu.pl\/wp-content\/uploads\/2021\/10\/Magdalena-1-150x150.png 150w, https:\/\/kamyczekwprzedszkolu.pl\/wp-content\/uploads\/2021\/10\/Magdalena-1-80x80.png 80w, https:\/\/kamyczekwprzedszkolu.pl\/wp-content\/uploads\/2021\/10\/Magdalena-1-255x255.png 255w\" sizes=\"auto, (max-width: 300px) 100vw, 300px\" \/><br \/>\n\t\t\t\t\t\t\t\t\t\t\t\t\t\t\t<img decoding=\"async\" width=\"300\" height=\"300\" src=\"https:\/\/kamyczekwprzedszkolu.pl\/wp-content\/uploads\/2021\/10\/Magdalena-300x300.png\" alt=\"\" loading=\"lazy\" srcset=\"https:\/\/kamyczekwprzedszkolu.pl\/wp-content\/uploads\/2021\/10\/Magdalena.png 300w, https:\/\/kamyczekwprzedszkolu.pl\/wp-content\/uploads\/2021\/10\/Magdalena-150x150.png 150w, https:\/\/kamyczekwprzedszkolu.pl\/wp-content\/uploads\/2021\/10\/Magdalena-80x80.png 80w, https:\/\/kamyczekwprzedszkolu.pl\/wp-content\/uploads\/2021\/10\/Magdalena-255x255.png 255w\" sizes=\"auto, (max-width: 300px) 100vw, 300px\" \/><br \/>\n\t\t\t\t\t\t\t\t\t\t\t\t\t\t\t<img decoding=\"async\" width=\"300\" height=\"300\" src=\"https:\/\/kamyczekwprzedszkolu.pl\/wp-content\/uploads\/2021\/10\/Martyna-300x300.png\" alt=\"\" loading=\"lazy\" srcset=\"https:\/\/kamyczekwprzedszkolu.pl\/wp-content\/uploads\/2021\/10\/Martyna.png 300w, https:\/\/kamyczekwprzedszkolu.pl\/wp-content\/uploads\/2021\/10\/Martyna-150x150.png 150w, https:\/\/kamyczekwprzedszkolu.pl\/wp-content\/uploads\/2021\/10\/Martyna-80x80.png 80w, https:\/\/kamyczekwprzedszkolu.pl\/wp-content\/uploads\/2021\/10\/Martyna-255x255.png 255w\" sizes=\"auto, (max-width: 300px) 100vw, 300px\" \/><br \/>\n\t\t\t\t\t\t\t\t\t\t\t\t\t\t\t<img decoding=\"async\" width=\"300\" height=\"300\" src=\"https:\/\/kamyczekwprzedszkolu.pl\/wp-content\/uploads\/2021\/10\/Urszula-300x300.png\" alt=\"\" loading=\"lazy\" srcset=\"https:\/\/kamyczekwprzedszkolu.pl\/wp-content\/uploads\/2021\/10\/Urszula.png 300w, https:\/\/kamyczekwprzedszkolu.pl\/wp-content\/uploads\/2021\/10\/Urszula-150x150.png 150w, https:\/\/kamyczekwprzedszkolu.pl\/wp-content\/uploads\/2021\/10\/Urszula-80x80.png 80w, https:\/\/kamyczekwprzedszkolu.pl\/wp-content\/uploads\/2021\/10\/Urszula-255x255.png 255w\" sizes=\"auto, (max-width: 300px) 100vw, 300px\" \/><br \/>\n\t\t\t\t\t\t\t\t\t\t\t\t\t\t\t<img decoding=\"async\" width=\"300\" height=\"300\" src=\"https:\/\/kamyczekwprzedszkolu.pl\/wp-content\/uploads\/2021\/10\/Wiktoria-300x300.png\" alt=\"\" loading=\"lazy\" srcset=\"https:\/\/kamyczekwprzedszkolu.pl\/wp-content\/uploads\/2021\/10\/Wiktoria.png 300w, https:\/\/kamyczekwprzedszkolu.pl\/wp-content\/uploads\/2021\/10\/Wiktoria-150x150.png 150w, https:\/\/kamyczekwprzedszkolu.pl\/wp-content\/uploads\/2021\/10\/Wiktoria-80x80.png 80w, https:\/\/kamyczekwprzedszkolu.pl\/wp-content\/uploads\/2021\/10\/Wiktoria-255x255.png 255w\" sizes=\"auto, (max-width: 300px) 100vw, 300px\" \/><br \/>\n\t\t\t\t\t\t\t\t\t\t\t\t\t\t\t<img decoding=\"async\" width=\"300\" height=\"300\" src=\"https:\/\/kamyczekwprzedszkolu.pl\/wp-content\/uploads\/2021\/11\/Beata-300x300.jpg\" alt=\"\" loading=\"lazy\" srcset=\"https:\/\/kamyczekwprzedszkolu.pl\/wp-content\/uploads\/2021\/11\/Beata.jpg 300w, https:\/\/kamyczekwprzedszkolu.pl\/wp-content\/uploads\/2021\/11\/Beata-150x150.jpg 150w, https:\/\/kamyczekwprzedszkolu.pl\/wp-content\/uploads\/2021\/11\/Beata-80x80.jpg 80w, https:\/\/kamyczekwprzedszkolu.pl\/wp-content\/uploads\/2021\/11\/Beata-255x255.jpg 255w\" sizes=\"auto, (max-width: 300px) 100vw, 300px\" \/><br \/>\n\t\t\t\t\t\t\t\t\t\t\t\t\t\t\t<img decoding=\"async\" width=\"300\" height=\"300\" src=\"https:\/\/kamyczekwprzedszkolu.pl\/wp-content\/uploads\/2022\/01\/Monika-300x300.jpg\" alt=\"\" loading=\"lazy\" srcset=\"https:\/\/kamyczekwprzedszkolu.pl\/wp-content\/uploads\/2022\/01\/Monika.jpg 300w, https:\/\/kamyczekwprzedszkolu.pl\/wp-content\/uploads\/2022\/01\/Monika-150x150.jpg 150w, https:\/\/kamyczekwprzedszkolu.pl\/wp-content\/uploads\/2022\/01\/Monika-80x80.jpg 80w, https:\/\/kamyczekwprzedszkolu.pl\/wp-content\/uploads\/2022\/01\/Monika-255x255.jpg 255w\" sizes=\"auto, (max-width: 300px) 100vw, 300px\" \/><\/p>\n","protected":false},"excerpt":{"rendered":"<p>Podstawowe informacje Przedszkole Drodzy rodzice, \u015bwietnie, \u017ce tutaj trafili\u015bcie. Cieszymy si\u0119, \u017ce rozwa\u017cacie wyb\u00f3r Niepublicznego Przedszkola KAMYCZEK. Mie\u015bcimy si\u0119 przy ul. Powsta\u0144c\u00f3w Wielkopolskich 6A oraz przy ul. Wened\u00f3w 3. Zapisy [&hellip;]<\/p>\n","protected":false},"author":1,"featured_media":2583,"parent":0,"menu_order":0,"comment_status":"closed","ping_status":"closed","template":"","meta":{"footnotes":""},"class_list":["post-2221","page","type-page","status-publish","has-post-thumbnail","hentry"],"_links":{"self":[{"href":"https:\/\/kamyczekwprzedszkolu.pl\/index.php\/wp-json\/wp\/v2\/pages\/2221","targetHints":{"allow":["GET"]}}],"collection":[{"href":"https:\/\/kamyczekwprzedszkolu.pl\/index.php\/wp-json\/wp\/v2\/pages"}],"about":[{"href":"https:\/\/kamyczekwprzedszkolu.pl\/index.php\/wp-json\/wp\/v2\/types\/page"}],"author":[{"embeddable":true,"href":"https:\/\/kamyczekwprzedszkolu.pl\/index.php\/wp-json\/wp\/v2\/users\/1"}],"replies":[{"embeddable":true,"href":"https:\/\/kamyczekwprzedszkolu.pl\/index.php\/wp-json\/wp\/v2\/comments?post=2221"}],"version-history":[{"count":107,"href":"https:\/\/kamyczekwprzedszkolu.pl\/index.php\/wp-json\/wp\/v2\/pages\/2221\/revisions"}],"predecessor-version":[{"id":2897,"href":"https:\/\/kamyczekwprzedszkolu.pl\/index.php\/wp-json\/wp\/v2\/pages\/2221\/revisions\/2897"}],"wp:featuredmedia":[{"embeddable":true,"href":"https:\/\/kamyczekwprzedszkolu.pl\/index.php\/wp-json\/wp\/v2\/media\/2583"}],"wp:attachment":[{"href":"https:\/\/kamyczekwprzedszkolu.pl\/index.php\/wp-json\/wp\/v2\/media?parent=2221"}],"curies":[{"name":"wp","href":"https:\/\/api.w.org\/{rel}","templated":true}]}}