{"id":1871,"date":"2019-09-14T10:40:35","date_gmt":"2019-09-14T08:40:35","guid":{"rendered":"https:\/\/smartdata.tonytemplates.com\/childit\/?page_id=303"},"modified":"2022-03-08T12:04:48","modified_gmt":"2022-03-08T11:04:48","slug":"zlobek","status":"publish","type":"page","link":"https:\/\/kamyczekwprzedszkolu.pl\/index.php\/zlobek\/","title":{"rendered":"\u017b\u0142obek"},"content":{"rendered":"<p><!-- Begin Parent Info --><\/p>\n<section>\n<p>\n                                Podstawowe informacje                             <\/p>\n<h2>\n                                \u017b\u0142obek                            <\/h2>\n<p>\n                                Drodzy rodzice, \u015bwietnie, \u017ce tutaj trafili\u015bcie.<br \/>\nCieszymy si\u0119, \u017ce rozwa\u017cacie wyb\u00f3r Niepublicznego \u017b\u0142obka KAMYCZEK. Mie\u015bcimy si\u0119 przy ul. Powsta\u0144c\u00f3w Wielkopolskich 6A.                            <\/p>\n<ul>\n<li>\n                                                <img decoding=\"async\" src=\"https:\/\/kamyczekwprzedszkolu.pl\/wp-content\/themes\/childit\/assets\/img\/lazy.png\" data-src=\"https:\/\/kamyczekwprzedszkolu.pl\/wp-content\/uploads\/2021\/04\/zapisy.jpg\" alt=\"img\"><br \/>\n                                                        <img decoding=\"async\" src=\"https:\/\/kamyczekwprzedszkolu.pl\/wp-content\/themes\/childit\/assets\/img\/lazy.png\" data-src=\"https:\/\/kamyczekwprzedszkolu.pl\/wp-content\/themes\/childit\/assets\/img\/check.svg\" alt=\"img\"> <\/p>\n<h5>Zapisy<\/h5>\n<p>Rekrutacja dzieci do \u017c\u0142obka trwa ca\u0142y rok szkolny.<br \/>\nPodstaw\u0105 przyj\u0119cia dziecka do \u017c\u0142obka jest wype\u0142nienie przez rodzic\u00f3w Karty Zg\u0142oszeniowej oraz zawarcie Umowy o \u015bwiadczeniu us\u0142ugi edukacyjnej. <br \/>\nLiczba miejsc jest ograniczona.<\/p>\n<\/li>\n<li>\n                                                <img decoding=\"async\" src=\"https:\/\/kamyczekwprzedszkolu.pl\/wp-content\/themes\/childit\/assets\/img\/lazy.png\" data-src=\"https:\/\/kamyczekwprzedszkolu.pl\/wp-content\/uploads\/2021\/04\/oplaty.jpg\" alt=\"img\"><br \/>\n                                                        <img decoding=\"async\" src=\"https:\/\/kamyczekwprzedszkolu.pl\/wp-content\/themes\/childit\/assets\/img\/lazy.png\" data-src=\"https:\/\/kamyczekwprzedszkolu.pl\/wp-content\/themes\/childit\/assets\/img\/check.svg\" alt=\"img\"> <\/p>\n<h5>Op\u0142aty<\/h5>\n<p>Miesi\u0119czna op\u0142ata sta\u0142a 950 z\u0142 (dzieci do 2,5 roku \u017cycia) <br \/>\nMiesi\u0119czna op\u0142ata sta\u0142a 800 z\u0142 (dzieci od 2,5 roku \u017cycia)<br \/>\n<br \/>\nOp\u0142ata za wy\u017cywienie:<br \/>\n&#8211; 10 z\u0142 (dla dzieci do 2,5 roku \u017cycia)<br \/>\n&#8211; 11 z\u0142 (dla dzieci od 2,5 roku \u017cycia)<br \/>\nAdaptacja &#8211; 6 z\u0142 za godzin\u0119\n<\/p>\n<\/li>\n<li>\n                                                <img decoding=\"async\" src=\"https:\/\/kamyczekwprzedszkolu.pl\/wp-content\/themes\/childit\/assets\/img\/lazy.png\" data-src=\"https:\/\/kamyczekwprzedszkolu.pl\/wp-content\/uploads\/2021\/04\/adaptacja.jpg\" alt=\"img\"><br \/>\n                                                        <img decoding=\"async\" src=\"https:\/\/kamyczekwprzedszkolu.pl\/wp-content\/themes\/childit\/assets\/img\/lazy.png\" data-src=\"https:\/\/kamyczekwprzedszkolu.pl\/wp-content\/themes\/childit\/assets\/img\/check.svg\" alt=\"img\"> <\/p>\n<h5>Adaptacja<\/h5>\n<p>Adaptacja w naszym \u017c\u0142obku trwa 2 tygodnie. <br \/>\n1 tydzie\u0144 przyprowadzenie dziecka na 2 godziny dziennie 8.00 \u2013 10.00 <br \/>\n2 tydzie\u0144 przyprowadzenie dziecka na 3 godziny dziennie 8.00 \u2013 11.00 <br \/>\n(Op\u0142ata za okres adaptacyjny)<\/p>\n<\/li>\n<li>\n                                                <img decoding=\"async\" src=\"https:\/\/kamyczekwprzedszkolu.pl\/wp-content\/themes\/childit\/assets\/img\/lazy.png\" data-src=\"https:\/\/kamyczekwprzedszkolu.pl\/wp-content\/uploads\/2021\/04\/kalendarium.png\" alt=\"img\"><br \/>\n                                                        <img decoding=\"async\" src=\"https:\/\/kamyczekwprzedszkolu.pl\/wp-content\/themes\/childit\/assets\/img\/lazy.png\" data-src=\"https:\/\/kamyczekwprzedszkolu.pl\/wp-content\/themes\/childit\/assets\/img\/check.svg\" alt=\"img\"> <\/p>\n<h5>Kalendarium<\/h5>\n<p>Listopad: <br \/>\nTydzie\u0144 1: D\u017awi\u0119ki dla smyka &#8211; Poznajemy d\u017awi\u0119ki \u2013 instrumenty i zwierz\u0119ta <br \/>\nTydzie\u0144 2: Ruch to zdrowie &#8211; Zabawy muzyczno-ruchowe <br \/>\nTydzie\u0144 3: Zwierz\u0119ta wok\u00f3\u0142 nas &#8211; Poznajemy odg\u0142osy zwierz\u0105t domowych i le\u015bnych <br \/>\nTydzie\u0144 4: Na straganie &#8211; Teatrzyk ,, Na straganie\u2019- wykonany przez opiekunki; Kolorowanie szablon\u00f3w burakiem; Bal Andrzejkowy\n<\/p>\n<\/li>\n<li>\n                                                <img decoding=\"async\" src=\"https:\/\/kamyczekwprzedszkolu.pl\/wp-content\/themes\/childit\/assets\/img\/lazy.png\" data-src=\"https:\/\/kamyczekwprzedszkolu.pl\/wp-content\/uploads\/2021\/04\/rozklad-dnia.jpg\" alt=\"img\"><br \/>\n                                                        <img decoding=\"async\" src=\"https:\/\/kamyczekwprzedszkolu.pl\/wp-content\/themes\/childit\/assets\/img\/lazy.png\" data-src=\"https:\/\/kamyczekwprzedszkolu.pl\/wp-content\/themes\/childit\/assets\/img\/check.svg\" alt=\"img\"> <\/p>\n<h5>Rozk\u0142ad dnia<\/h5>\n<p>\u2022\t6.30 \u2013 8.30 \u2013 gromadzenie si\u0119 dzieci w Sali, zabawy swobodne <br \/>\n\u2022\t8.30- 9.00 \u2013 I \u015bniadanie<br \/>\n\u2022\t9.00 \u2013 9.15 \u2013 poranna toaleta, mycie z\u0105bk\u00f3w, \u015bpiewanie piosenek<br \/>\n\u2022\t9.15 \u2013 9.30 \u2013 II \u015bniadanie<br \/>\n\u2022\t9.30 \u2013 11.00 \u2013 m.in zaj\u0119cia tematyczne, spacery, czytanie ksi\u0105\u017ceczek, mini teatrzyki, zaj\u0119cia sensoryczne, zaj\u0119cia plastyczne, zaj\u0119cia kulinarne <br \/>\n\u2022\t11.00- 11.20 \u2013 I cz\u0119\u015b\u0107 obiadku (zupka) <br \/>\n\u2022\t11.20 \u2013 14.00 \u2013 czynno\u015bci opieku\u0144cze, relaks <br \/>\n\u2022\t14.00- 14.30 \u2013 II cz\u0119\u015b\u0107 obiadku (drugie danie) + podwieczorek <br \/>\n\u2022\t14.30 \u2013 17.00 \u2013 zabawy swobodne, pobyt na \u015bwie\u017cym powietrzu, odbi\u00f3r dzieci <\/p>\n<\/li>\n<li>\n                                                <img decoding=\"async\" src=\"https:\/\/kamyczekwprzedszkolu.pl\/wp-content\/themes\/childit\/assets\/img\/lazy.png\" data-src=\"https:\/\/kamyczekwprzedszkolu.pl\/wp-content\/uploads\/2021\/04\/posilki.jpg\" alt=\"img\"><br \/>\n                                                        <img decoding=\"async\" src=\"https:\/\/kamyczekwprzedszkolu.pl\/wp-content\/themes\/childit\/assets\/img\/lazy.png\" data-src=\"https:\/\/kamyczekwprzedszkolu.pl\/wp-content\/themes\/childit\/assets\/img\/check.svg\" alt=\"img\"> <\/p>\n<h5>Posi\u0142ki<\/h5>\n<p>Wszystkie posi\u0142ki dla naszych milusi\u0144skich gotujemy na miejscu, w \u017c\u0142obkowej kuchni.<br \/>\nPosi\u0142ki przygotowywane s\u0105 codziennie, zgodnie z ustalonym jad\u0142ospisem, kt\u00f3ry spe\u0142nia wszystkie warto\u015bci od\u017cywcze spo\u017cywanych przez dzieci da\u0144.<br \/>\nNie stosujemy konserwant\u00f3w, kostek roso\u0142owych, gotowych sos\u00f3w.<br \/>\nDzieci zjadaj\u0105 w naszym \u017c\u0142obku: \u015bniadanie, 2 \u015bniadanie, zupk\u0119, 2 danie i podwieczorek.<br \/>\nPanie kucharki dbaj\u0105 o to, by dzieci by\u0142y najedzone i zadowolone. <br \/>Respektujemy diety dzieci i \u017cyczenia rodzic\u00f3w.<\/p>\n<\/li>\n<\/ul>\n<h3>\n                                    Do pobrania                                <\/h3>\n<p>\n                                    Poni\u017cej kilka dodatkowych informacji:                                <\/p>\n<ul>\n<li>\n                                                    <img decoding=\"async\" src=\"https:\/\/kamyczekwprzedszkolu.pl\/wp-content\/themes\/childit\/assets\/img\/lazy.png\" data-src=\"https:\/\/kamyczekwprzedszkolu.pl\/wp-content\/uploads\/2019\/09\/handbook.svg\" alt=\"img\"><br \/>\n                                                    <img decoding=\"async\" src=\"https:\/\/kamyczekwprzedszkolu.pl\/wp-content\/themes\/childit\/assets\/img\/lazy.png\" data-src=\"https:\/\/kamyczekwprzedszkolu.pl\/wp-content\/themes\/childit\/assets\/img\/cloud-small.svg\" alt=\"img\"><\/p>\n<p>Adaptacja &#8211; kilka wskaz\u00f3wek (203 KB)<\/p>\n<p>                                                    <a href=\"\/wp-content\/uploads\/2021\/05\/10-zasad.pdf\"><img decoding=\"async\" src=\"https:\/\/kamyczekwprzedszkolu.pl\/wp-content\/themes\/childit\/assets\/img\/lazy.png\" data-src=\"https:\/\/kamyczekwprzedszkolu.pl\/wp-content\/themes\/childit\/assets\/img\/pdf-ico.svg\" alt=\"img\">download<\/a>\n                                        <\/li>\n<li>\n                                                    <img decoding=\"async\" src=\"https:\/\/kamyczekwprzedszkolu.pl\/wp-content\/themes\/childit\/assets\/img\/lazy.png\" data-src=\"https:\/\/kamyczekwprzedszkolu.pl\/wp-content\/uploads\/2019\/09\/handbook.svg\" alt=\"img\"><br \/>\n                                                    <img decoding=\"async\" src=\"https:\/\/kamyczekwprzedszkolu.pl\/wp-content\/themes\/childit\/assets\/img\/lazy.png\" data-src=\"https:\/\/kamyczekwprzedszkolu.pl\/wp-content\/themes\/childit\/assets\/img\/cloud-small.svg\" alt=\"img\"><\/p>\n<p>Przyk\u0142adowy jad\u0142ospis (192 KB)<\/p>\n<p>                                                    <a href=\"\/wp-content\/uploads\/2021\/05\/przykladowy-jadlospis.pdf\"><img decoding=\"async\" src=\"https:\/\/kamyczekwprzedszkolu.pl\/wp-content\/themes\/childit\/assets\/img\/lazy.png\" data-src=\"https:\/\/kamyczekwprzedszkolu.pl\/wp-content\/themes\/childit\/assets\/img\/pdf-ico.svg\" alt=\"img\">download<\/a>\n                                        <\/li>\n<li>\n                                                    <img decoding=\"async\" src=\"https:\/\/kamyczekwprzedszkolu.pl\/wp-content\/themes\/childit\/assets\/img\/lazy.png\" data-src=\"https:\/\/kamyczekwprzedszkolu.pl\/wp-content\/uploads\/2019\/09\/handbook.svg\" alt=\"img\"><br \/>\n                                                    <img decoding=\"async\" src=\"https:\/\/kamyczekwprzedszkolu.pl\/wp-content\/themes\/childit\/assets\/img\/lazy.png\" data-src=\"https:\/\/kamyczekwprzedszkolu.pl\/wp-content\/themes\/childit\/assets\/img\/cloud-small.svg\" alt=\"img\"><\/p>\n<p>Bie\u017c\u0105cy kalendarz (199 KB)<\/p>\n<p>                                                    <a href=\"https:\/\/kamyczekwprzedszkolu.pl\/wp-content\/uploads\/2021\/11\/Listopad-plan-zlobek.pdf\"><img decoding=\"async\" src=\"https:\/\/kamyczekwprzedszkolu.pl\/wp-content\/themes\/childit\/assets\/img\/lazy.png\" data-src=\"https:\/\/kamyczekwprzedszkolu.pl\/wp-content\/themes\/childit\/assets\/img\/pdf-ico.svg\" alt=\"img\">download<\/a>\n                                        <\/li>\n<li>\n                                                    <img decoding=\"async\" src=\"https:\/\/kamyczekwprzedszkolu.pl\/wp-content\/themes\/childit\/assets\/img\/lazy.png\" data-src=\"https:\/\/kamyczekwprzedszkolu.pl\/wp-content\/uploads\/2019\/09\/handbook.svg\" alt=\"img\"><br \/>\n                                                    <img decoding=\"async\" src=\"https:\/\/kamyczekwprzedszkolu.pl\/wp-content\/themes\/childit\/assets\/img\/lazy.png\" data-src=\"https:\/\/kamyczekwprzedszkolu.pl\/wp-content\/themes\/childit\/assets\/img\/cloud-small.svg\" alt=\"img\"><\/p>\n<p>Regulamin (320 KB)<\/p>\n<p>                                                    <a href=\"\/wp-content\/uploads\/2021\/05\/Regulamin-zlobka.pdf\"><img decoding=\"async\" src=\"https:\/\/kamyczekwprzedszkolu.pl\/wp-content\/themes\/childit\/assets\/img\/lazy.png\" data-src=\"https:\/\/kamyczekwprzedszkolu.pl\/wp-content\/themes\/childit\/assets\/img\/pdf-ico.svg\" alt=\"img\">download<\/a>\n                                        <\/li>\n<\/ul>\n<\/section>\n<p>        <!-- End Parent Info --><\/p>\n<h2>Poznaj nas<\/h2>\n<h2>Kadra<\/h2>\n<h3>Nasz zesp\u00f3\u0142 pedagogiczny tworz\u0105 osoby, kt\u00f3re s\u0105 nie tylko \u015bwietnie wykwalifikowane do pe\u0142nienia<br \/> funkcji nauczycielskich i opieku\u0144czych, ale przede wszystkim s\u0105 to ludzie pe\u0142ni pasji, entuzjazmu, u\u015bmiechu, ciep\u0142a<br \/> i mi\u0142o\u015bci do dzieci.<\/h3>\n<p>\t\t\t\t\t\t\t\t\t\t\t\t<img decoding=\"async\" width=\"300\" height=\"300\" src=\"https:\/\/kamyczekwprzedszkolu.pl\/wp-content\/uploads\/2021\/04\/Angelika-300x300.png\" alt=\"\" loading=\"lazy\" srcset=\"https:\/\/kamyczekwprzedszkolu.pl\/wp-content\/uploads\/2021\/04\/Angelika.png 300w, https:\/\/kamyczekwprzedszkolu.pl\/wp-content\/uploads\/2021\/04\/Angelika-150x150.png 150w, https:\/\/kamyczekwprzedszkolu.pl\/wp-content\/uploads\/2021\/04\/Angelika-80x80.png 80w, https:\/\/kamyczekwprzedszkolu.pl\/wp-content\/uploads\/2021\/04\/Angelika-255x255.png 255w\" sizes=\"auto, (max-width: 300px) 100vw, 300px\" \/><br \/>\n\t\t\t\t\t\t\t\t\t\t\t\t<img decoding=\"async\" width=\"300\" height=\"300\" src=\"https:\/\/kamyczekwprzedszkolu.pl\/wp-content\/uploads\/2021\/04\/Dorota2-300x300.png\" alt=\"\" loading=\"lazy\" srcset=\"https:\/\/kamyczekwprzedszkolu.pl\/wp-content\/uploads\/2021\/04\/Dorota2.png 300w, https:\/\/kamyczekwprzedszkolu.pl\/wp-content\/uploads\/2021\/04\/Dorota2-150x150.png 150w, https:\/\/kamyczekwprzedszkolu.pl\/wp-content\/uploads\/2021\/04\/Dorota2-80x80.png 80w, https:\/\/kamyczekwprzedszkolu.pl\/wp-content\/uploads\/2021\/04\/Dorota2-255x255.png 255w\" sizes=\"auto, (max-width: 300px) 100vw, 300px\" \/><br \/>\n\t\t\t\t\t\t\t\t\t\t\t\t<img decoding=\"async\" width=\"300\" height=\"300\" src=\"https:\/\/kamyczekwprzedszkolu.pl\/wp-content\/uploads\/2021\/04\/Dorota3-300x300.png\" alt=\"\" loading=\"lazy\" srcset=\"https:\/\/kamyczekwprzedszkolu.pl\/wp-content\/uploads\/2021\/04\/Dorota3.png 300w, https:\/\/kamyczekwprzedszkolu.pl\/wp-content\/uploads\/2021\/04\/Dorota3-150x150.png 150w, https:\/\/kamyczekwprzedszkolu.pl\/wp-content\/uploads\/2021\/04\/Dorota3-80x80.png 80w, https:\/\/kamyczekwprzedszkolu.pl\/wp-content\/uploads\/2021\/04\/Dorota3-255x255.png 255w\" sizes=\"auto, (max-width: 300px) 100vw, 300px\" \/><br \/>\n\t\t\t\t\t\t\t\t\t\t\t\t<img decoding=\"async\" width=\"300\" height=\"300\" src=\"https:\/\/kamyczekwprzedszkolu.pl\/wp-content\/uploads\/2021\/04\/Edyta-300x300.png\" alt=\"\" loading=\"lazy\" srcset=\"https:\/\/kamyczekwprzedszkolu.pl\/wp-content\/uploads\/2021\/04\/Edyta.png 300w, https:\/\/kamyczekwprzedszkolu.pl\/wp-content\/uploads\/2021\/04\/Edyta-150x150.png 150w, https:\/\/kamyczekwprzedszkolu.pl\/wp-content\/uploads\/2021\/04\/Edyta-80x80.png 80w, https:\/\/kamyczekwprzedszkolu.pl\/wp-content\/uploads\/2021\/04\/Edyta-255x255.png 255w\" sizes=\"auto, (max-width: 300px) 100vw, 300px\" \/><br \/>\n\t\t\t\t\t\t\t\t\t\t\t\t<img decoding=\"async\" width=\"300\" height=\"300\" src=\"https:\/\/kamyczekwprzedszkolu.pl\/wp-content\/uploads\/2021\/04\/Eliza-300x300.png\" alt=\"\" loading=\"lazy\" srcset=\"https:\/\/kamyczekwprzedszkolu.pl\/wp-content\/uploads\/2021\/04\/Eliza.png 300w, https:\/\/kamyczekwprzedszkolu.pl\/wp-content\/uploads\/2021\/04\/Eliza-150x150.png 150w, https:\/\/kamyczekwprzedszkolu.pl\/wp-content\/uploads\/2021\/04\/Eliza-80x80.png 80w, https:\/\/kamyczekwprzedszkolu.pl\/wp-content\/uploads\/2021\/04\/Eliza-255x255.png 255w\" sizes=\"auto, (max-width: 300px) 100vw, 300px\" \/><br \/>\n\t\t\t\t\t\t\t\t\t\t\t\t<img decoding=\"async\" width=\"300\" height=\"300\" src=\"https:\/\/kamyczekwprzedszkolu.pl\/wp-content\/uploads\/2021\/04\/Karolina-300x300.png\" alt=\"\" loading=\"lazy\" srcset=\"https:\/\/kamyczekwprzedszkolu.pl\/wp-content\/uploads\/2021\/04\/Karolina.png 300w, https:\/\/kamyczekwprzedszkolu.pl\/wp-content\/uploads\/2021\/04\/Karolina-150x150.png 150w, https:\/\/kamyczekwprzedszkolu.pl\/wp-content\/uploads\/2021\/04\/Karolina-80x80.png 80w, https:\/\/kamyczekwprzedszkolu.pl\/wp-content\/uploads\/2021\/04\/Karolina-255x255.png 255w\" sizes=\"auto, (max-width: 300px) 100vw, 300px\" \/><br \/>\n\t\t\t\t\t\t\t\t\t\t\t\t<img decoding=\"async\" width=\"300\" height=\"300\" src=\"https:\/\/kamyczekwprzedszkolu.pl\/wp-content\/uploads\/2021\/04\/Krystyna-300x300.png\" alt=\"\" loading=\"lazy\" srcset=\"https:\/\/kamyczekwprzedszkolu.pl\/wp-content\/uploads\/2021\/04\/Krystyna.png 300w, https:\/\/kamyczekwprzedszkolu.pl\/wp-content\/uploads\/2021\/04\/Krystyna-150x150.png 150w, https:\/\/kamyczekwprzedszkolu.pl\/wp-content\/uploads\/2021\/04\/Krystyna-80x80.png 80w, https:\/\/kamyczekwprzedszkolu.pl\/wp-content\/uploads\/2021\/04\/Krystyna-255x255.png 255w\" sizes=\"auto, (max-width: 300px) 100vw, 300px\" \/><br \/>\n\t\t\t\t\t\t\t\t\t\t\t\t<img decoding=\"async\" width=\"300\" height=\"300\" src=\"https:\/\/kamyczekwprzedszkolu.pl\/wp-content\/uploads\/2021\/04\/Kamila-300x300.png\" alt=\"\" loading=\"lazy\" srcset=\"https:\/\/kamyczekwprzedszkolu.pl\/wp-content\/uploads\/2021\/04\/Kamila.png 300w, https:\/\/kamyczekwprzedszkolu.pl\/wp-content\/uploads\/2021\/04\/Kamila-150x150.png 150w, https:\/\/kamyczekwprzedszkolu.pl\/wp-content\/uploads\/2021\/04\/Kamila-80x80.png 80w, https:\/\/kamyczekwprzedszkolu.pl\/wp-content\/uploads\/2021\/04\/Kamila-255x255.png 255w\" sizes=\"auto, (max-width: 300px) 100vw, 300px\" \/><br \/>\n\t\t\t\t\t\t\t\t\t\t\t\t<img decoding=\"async\" width=\"300\" height=\"300\" src=\"https:\/\/kamyczekwprzedszkolu.pl\/wp-content\/uploads\/2021\/04\/Magdalena-300x300.png\" alt=\"\" loading=\"lazy\" srcset=\"https:\/\/kamyczekwprzedszkolu.pl\/wp-content\/uploads\/2021\/04\/Magdalena.png 300w, https:\/\/kamyczekwprzedszkolu.pl\/wp-content\/uploads\/2021\/04\/Magdalena-150x150.png 150w, https:\/\/kamyczekwprzedszkolu.pl\/wp-content\/uploads\/2021\/04\/Magdalena-80x80.png 80w, https:\/\/kamyczekwprzedszkolu.pl\/wp-content\/uploads\/2021\/04\/Magdalena-255x255.png 255w\" sizes=\"auto, (max-width: 300px) 100vw, 300px\" \/><br \/>\n\t\t\t\t\t\t\t\t\t\t\t\t<img decoding=\"async\" width=\"300\" height=\"300\" src=\"https:\/\/kamyczekwprzedszkolu.pl\/wp-content\/uploads\/2021\/04\/Milena-300x300.png\" alt=\"\" loading=\"lazy\" srcset=\"https:\/\/kamyczekwprzedszkolu.pl\/wp-content\/uploads\/2021\/04\/Milena.png 300w, https:\/\/kamyczekwprzedszkolu.pl\/wp-content\/uploads\/2021\/04\/Milena-150x150.png 150w, https:\/\/kamyczekwprzedszkolu.pl\/wp-content\/uploads\/2021\/04\/Milena-80x80.png 80w, https:\/\/kamyczekwprzedszkolu.pl\/wp-content\/uploads\/2021\/04\/Milena-255x255.png 255w\" sizes=\"auto, (max-width: 300px) 100vw, 300px\" \/><br \/>\n\t\t\t\t\t\t\t\t\t\t\t\t<img decoding=\"async\" width=\"300\" height=\"300\" src=\"https:\/\/kamyczekwprzedszkolu.pl\/wp-content\/uploads\/2021\/04\/Mirka-300x300.png\" alt=\"\" loading=\"lazy\" srcset=\"https:\/\/kamyczekwprzedszkolu.pl\/wp-content\/uploads\/2021\/04\/Mirka.png 300w, https:\/\/kamyczekwprzedszkolu.pl\/wp-content\/uploads\/2021\/04\/Mirka-150x150.png 150w, https:\/\/kamyczekwprzedszkolu.pl\/wp-content\/uploads\/2021\/04\/Mirka-80x80.png 80w, https:\/\/kamyczekwprzedszkolu.pl\/wp-content\/uploads\/2021\/04\/Mirka-255x255.png 255w\" sizes=\"auto, (max-width: 300px) 100vw, 300px\" \/><br \/>\n\t\t\t\t\t\t\t\t\t\t\t\t<img decoding=\"async\" width=\"300\" height=\"300\" src=\"https:\/\/kamyczekwprzedszkolu.pl\/wp-content\/uploads\/2021\/04\/Paulina-300x300.png\" alt=\"\" loading=\"lazy\" srcset=\"https:\/\/kamyczekwprzedszkolu.pl\/wp-content\/uploads\/2021\/04\/Paulina.png 300w, https:\/\/kamyczekwprzedszkolu.pl\/wp-content\/uploads\/2021\/04\/Paulina-150x150.png 150w, https:\/\/kamyczekwprzedszkolu.pl\/wp-content\/uploads\/2021\/04\/Paulina-80x80.png 80w, https:\/\/kamyczekwprzedszkolu.pl\/wp-content\/uploads\/2021\/04\/Paulina-255x255.png 255w\" sizes=\"auto, (max-width: 300px) 100vw, 300px\" \/><br \/>\n\t\t\t\t\t\t\t\t\t\t\t\t<img decoding=\"async\" width=\"300\" height=\"300\" src=\"https:\/\/kamyczekwprzedszkolu.pl\/wp-content\/uploads\/2021\/04\/Sandra-300x300.png\" alt=\"\" loading=\"lazy\" srcset=\"https:\/\/kamyczekwprzedszkolu.pl\/wp-content\/uploads\/2021\/04\/Sandra.png 300w, https:\/\/kamyczekwprzedszkolu.pl\/wp-content\/uploads\/2021\/04\/Sandra-150x150.png 150w, https:\/\/kamyczekwprzedszkolu.pl\/wp-content\/uploads\/2021\/04\/Sandra-80x80.png 80w, https:\/\/kamyczekwprzedszkolu.pl\/wp-content\/uploads\/2021\/04\/Sandra-255x255.png 255w\" sizes=\"auto, (max-width: 300px) 100vw, 300px\" \/><br \/>\n\t\t\t\t\t\t\t\t\t\t\t\t<img decoding=\"async\" width=\"300\" height=\"300\" src=\"https:\/\/kamyczekwprzedszkolu.pl\/wp-content\/uploads\/2021\/04\/Sylwia-300x300.png\" alt=\"\" loading=\"lazy\" srcset=\"https:\/\/kamyczekwprzedszkolu.pl\/wp-content\/uploads\/2021\/04\/Sylwia.png 300w, https:\/\/kamyczekwprzedszkolu.pl\/wp-content\/uploads\/2021\/04\/Sylwia-150x150.png 150w, https:\/\/kamyczekwprzedszkolu.pl\/wp-content\/uploads\/2021\/04\/Sylwia-80x80.png 80w, https:\/\/kamyczekwprzedszkolu.pl\/wp-content\/uploads\/2021\/04\/Sylwia-255x255.png 255w\" sizes=\"auto, (max-width: 300px) 100vw, 300px\" \/><br \/>\n\t\t\t\t\t\t\t\t\t\t\t\t<img decoding=\"async\" width=\"300\" height=\"300\" src=\"https:\/\/kamyczekwprzedszkolu.pl\/wp-content\/uploads\/2021\/04\/Urszula-300x300.png\" alt=\"\" loading=\"lazy\" srcset=\"https:\/\/kamyczekwprzedszkolu.pl\/wp-content\/uploads\/2021\/04\/Urszula.png 300w, https:\/\/kamyczekwprzedszkolu.pl\/wp-content\/uploads\/2021\/04\/Urszula-150x150.png 150w, https:\/\/kamyczekwprzedszkolu.pl\/wp-content\/uploads\/2021\/04\/Urszula-80x80.png 80w, https:\/\/kamyczekwprzedszkolu.pl\/wp-content\/uploads\/2021\/04\/Urszula-255x255.png 255w\" sizes=\"auto, (max-width: 300px) 100vw, 300px\" \/><\/p>\n","protected":false},"excerpt":{"rendered":"<p>Podstawowe informacje \u017b\u0142obek Drodzy rodzice, \u015bwietnie, \u017ce tutaj trafili\u015bcie. Cieszymy si\u0119, \u017ce rozwa\u017cacie wyb\u00f3r Niepublicznego \u017b\u0142obka KAMYCZEK. Mie\u015bcimy si\u0119 przy ul. Powsta\u0144c\u00f3w Wielkopolskich 6A. Zapisy Rekrutacja dzieci do \u017c\u0142obka trwa [&hellip;]<\/p>\n","protected":false},"author":1,"featured_media":2583,"parent":0,"menu_order":0,"comment_status":"closed","ping_status":"closed","template":"","meta":{"footnotes":""},"class_list":["post-1871","page","type-page","status-publish","has-post-thumbnail","hentry"],"_links":{"self":[{"href":"https:\/\/kamyczekwprzedszkolu.pl\/index.php\/wp-json\/wp\/v2\/pages\/1871","targetHints":{"allow":["GET"]}}],"collection":[{"href":"https:\/\/kamyczekwprzedszkolu.pl\/index.php\/wp-json\/wp\/v2\/pages"}],"about":[{"href":"https:\/\/kamyczekwprzedszkolu.pl\/index.php\/wp-json\/wp\/v2\/types\/page"}],"author":[{"embeddable":true,"href":"https:\/\/kamyczekwprzedszkolu.pl\/index.php\/wp-json\/wp\/v2\/users\/1"}],"replies":[{"embeddable":true,"href":"https:\/\/kamyczekwprzedszkolu.pl\/index.php\/wp-json\/wp\/v2\/comments?post=1871"}],"version-history":[{"count":192,"href":"https:\/\/kamyczekwprzedszkolu.pl\/index.php\/wp-json\/wp\/v2\/pages\/1871\/revisions"}],"predecessor-version":[{"id":2861,"href":"https:\/\/kamyczekwprzedszkolu.pl\/index.php\/wp-json\/wp\/v2\/pages\/1871\/revisions\/2861"}],"wp:featuredmedia":[{"embeddable":true,"href":"https:\/\/kamyczekwprzedszkolu.pl\/index.php\/wp-json\/wp\/v2\/media\/2583"}],"wp:attachment":[{"href":"https:\/\/kamyczekwprzedszkolu.pl\/index.php\/wp-json\/wp\/v2\/media?parent=1871"}],"curies":[{"name":"wp","href":"https:\/\/api.w.org\/{rel}","templated":true}]}}